
8501464
In base 9, what is 20 - 5421714?
-5421684
In base 14, what is 33952 - -49?
3399b
In base 4, what is 10 + 2302110211?
2302110221
In base 11, what is 1262696 - -23?
1262709
In base 9, what is -72814 + 515?
-72288
In base 15, what is -5 + -390e96?
-390e9b
In base 2, what is -100 - 1011111101110100101001100101?
-1011111101110100101001101001
In base 7, what is 31641 + -31166?
442
In base 7, what is 1 - 405261066?
-405261065
In base 16, what is 1 - -6e670?
6e671
In base 11, what is 1475a4698 + -3?
1475a4695
In base 10, what is -28249 + -9304?
-37553
In base 15, what is -8597 + 110?
-8487
In base 2, what is -110001100101111011011 - -100011?
-110001100101110111000
In base 10, what is 26077 + 14582?
40659
In base 5, what is 40030012 + 1?
40030013
In base 13, what is 30 + -1527540?
-1527510
In base 5, what is 11321014204 - 11?
11321014143
In base 6, what is 1215504 - 3251?
1212213
In base 7, what is -55556 + -233656?
-322545
In base 5, what is -3442001 + 232402?
-3204044
In base 3, what is -1221 + -2211110110?
-2211112101
In base 10, what is 5 - 400002?
-399997
In base 12, what is -6554aa2 + -1a?
-6554b00
In base 14, what is -49 + -1a1984?
-1a19cd
In base 12, what is 1618 - -aa2?
24ba
In base 5, what is 10320 - -12321?
23141
In base 7, what is -34663321 + -111?
-34663432
In base 16, what is b11e + -7e?
b0a0
In base 16, what is 725 + 15a01?
16126
In base 15, what is 50 - -1c140?
1c190
In base 5, what is 34414414421 - -2?
34414414423
In base 2, what is -1100111001101001000 - 1001?
-1100111001101010001
In base 5, what is -124000 - 4240?
-133240
In base 14, what is a9 - 7679d?
-766d4
In base 15, what is -65eca + -615?
-665e0
In base 13, what is -583 + -2aba?
-3370
In base 15, what is 3843d - -5dd?
38a2b
In base 16, what is 144ab - -8?
144b3
In base 14, what is 34d4772 - 4?
34d476c
In base 2, what is 10100000010 - 1001101110001?
-111001101111
In base 8, what is -141 - -4226657?
4226516
In base 9, what is -46712341 - -3?
-46712337
In base 12, what is -3 - -2961880?
2961879
In base 15, what is 902 + -4642e?
-45a2c
In base 5, what is -4 - -34310020?
34310011
In base 9, what is -77602 - 1141?
-78743
In base 14, what is 13192401 - 3?
131923dc
In base 9, what is 187120 - 70?
187040
In base 10, what is 11824 - -3?
11827
In base 12, what is aa + -281624?
-281536
In base 6, what is 2 - 140245032?
-140245030
In base 13, what is -5b0 + 37?
-576
In base 5, what is 114103240423 + 4?
114103240432
In base 15, what is -a718dd8 + 3?
-a718dd5
In base 16, what is 4 - 1228e7?
-1228e3
In base 7, what is -4163 - -1012465?
1005302
In base 5, what is 34 + -332122420?
-332122331
In base 7, what is -3 - -4606464635?
4606464632
In base 15, what is -5 + 24aecec?
24aece7
In base 5, what is 20 + 1234302112?
1234302132
In base 4, what is 103113230031 - 130?
103113223301
In base 12, what is -14 - -103b2317?
103b2303
In base 5, what is 1311203 + -330032?
431121
In base 9, what is 332864356 - -4?
332864361
In base 15, what is -9 - -138a5?
1389b
In base 12, what is 2744aa0 + 1?
2744aa1
In base 5, what is 3333211 + -1444?
3331212
In base 11, what is -2439370 - 2?
-2439372
In base 7, what is 1050165454 - -14?
1050165501
In base 7, what is -1122243524 + -2?
-1122243526
In base 16, what is -30 - -16bc0?
16b90
In base 13, what is -962b4 + 218?
-96099
In base 9, what is -103 + -564681?
-564784
In base 8, what is 334 - -2422620?
2423154
In base 13, what is 5 + -1901965c?
-19019657
In base 5, what is 1010420 + -121?
1010244
In base 7, what is -1 - 2035264003?
-2035264004
In base 12, what is 844 - -7601b?
76863
In base 11, what is a - 2607602?
-26075a3
In base 3, what is 100222 - -100100010221000?
100100011021222
In base 5, what is -2 + 11022222411?
11022222404
In base 13, what is 190b727 - -6?
190b730
In base 8, what is -40 + -144175?
-144235
In base 9, what is 2618061 - 2?
2618058
In base 16, what is -2bdc8 + -120c?
-2cfd4
In base 6, what is -21254 - -130132?
104434
In base 13, what is 1318 - 422?
bc6
In base 5, what is 20043431 - 111?
20043320
In base 15, what is 188 + -11383?
-111ea
In base 6, what is -102144 - -235520?
133332
In base 12, what is -100a348a + a?
-100a3480
In base 7, what is -104 - 6036414?
-6036521
In base 4, what is 123 + 310100123?
310100312
In base 2, what is 10010111011111010101100000 + 0?
10010111011111010101100000
In base 10, what is -70499 - 32?
-70531
In base 14, what is -d82d1178 - 1?
-d82d1179
In base 11, what is 131487a9 + -2?
131487a7
In base 15, what is -891 - -7ca?
-b6
In base 9, what is 72 + -1351847?
-1351765
In base 8, what is 4132214 - 264?
4131730
In base 9, what is 67656 + 384?
68151
In base 6, what is 1 + 132041123?
132041124
In base 5, what is -1122413013301 - -4?
-1122413013242
In base 3, what is 1012002020022 - -112111?
1012002202210
In base 9, what is 3 - 18250336?
-18250333
In base 3, what is 1020120212 - 202000120?
111120022
In base 9, what is 4265 + 18053?
23328
In base 12, what is -17b5a462 - 4?
-17b5a466
In base 8, what is 5 - 1335065?
-1335060
In base 9, what is 62117654 + -4?
62117650
In base 3, what is 0 + -21221102000012121?
-21221102000012121
In base 11, what is -1591614 + 3?
-1591611
In base 12, what is -42967 - 88?
-42a33
In base 9, what is 146483672 + 0?
146483672
In base 12, what is 10537772 - 3?
1053776b
In base 6, what is -55435 + 432552?
333113
In base 8, what is -264 + 35577?
35313
In base 10, what is 138842117 - 3?
138842114
In base 11, what is 34a - -372a15?
373264
In base 11, what is -a7046439 + 1?
-a7046438
In base 3, what is -20011202 - -2021120210?
2001102001
In base 3, what is 12 - -1001011211202011?
1001011211202100
In base 7, what is -350123 - -1445?
-345345
In base 9, what is -10862836 - -35?
-10862801
In base 11, what is -91a - -689?
-241
In base 10, what is 718 + -900?
-182
In base 8, what is -207253716 - 0?
-207253716
In base 3, what is -21120212221021 - -10?
-21120212221011
In base 12, what is -48346 - -15b0?
-46956
In base 15, what is -1 - -8db8bae?
8db8bad
In base 16, what is 102 - -3e1adf?
3e1be1
In base 15, what is 8c21 + -5d1?
8640
In base 9, what is 11681383 + 0?
11681383
In base 14, what is 1a4 - -7190?
7354
In base 3, what is -10 - -121002000121222?
121002000121212
In base 15, what is 34d5 - 1b5b?
1879
In base 8, what is 345254150 - 2?
345254146
In base 12, what is 33 + -2733a7?
-273374
In base 2, what is 10010001010100001101101001 + -101?
10010001010100001101100100
In base 9, what is 4431 + -1807?
2523
In base 5, what is 423440020121 + 4?
423440020130
In base 6, what is 43152 + 140055?
223251
In base 9, what is -270706 - 2106?
-272813
In base 8, what is -10760407317 + 2?
-10760407315
In base 16, what is -28ee07 + c9?
-28ed3e
In base 14, what is -35d98 - -33?
-35d65
In base 9, what is -26 - -60031682?
60031655
In base 16, what is -1b578204 + 3?
-1b578201
In base 2, what is 11010 + 11010000001100001110?
11010000001100101000
In base 7, what is 145655 + 12124?
161112
In base 11, what is -536299 - 22?
-536310
In base 13, what is 3 - -2388b80?
2388b83
In base 2, what is -101011001001111011000001 - 11?
-101011001001111011000100
In base 16, what is 2 + 60bd0a4?
60bd0a6
In base 6, what is 144120 + 4012?
152132
In base 3, what is 1002202121022 + -2020?
1002202112002
In base 8, what is -27 - 3003766?
-3004015
In base 9, what is 304530 - 38?
304481
In base 5, what is -444021432 - 0?
-444021432
In base 14, what is 37297 - -1973?
38c2a
In base 10, what is -881747 + -25?
-881772
In base 14, what is -7 + -11c98a?
-11c993
In base 7, what is 3303045 + 20?
3303065
In base 3, what is 1000100012110021112 + -2?
1000100012110021110
In base 7, what is -436644024 + 0?
-436644024
In base 2, what is -11100000 - -10011101101000?
10011010001000
In base 10, what is 1880099 + -5?
1880094
In base 13, what is -b + -2949372?
-2949380
In base 10, what is 1045805 + 57?
1045862
In base 6, what is -1420 - 2032050?
-2033510
In base 10, what is 111 + 110596?
110707
In base 2, what is -1011 - 1011011111001101000100?
-1011011111001101001111
In base 4, what is 2132 - -1020003231?
1020012023
In base 10, what is -420 + 75470?
75050
In base 11, what is -34 + 21a597?
21a563
In base 3, what is -12001220220112 + 2?
-12001220220110
In base 16, what is -c2dd - -2?
-c2db
In base 9, what is 18754101 + 1?
18754102
In base 15, what is -70c + -b8c3?
-c0d0
In